4*d**3 + d**2 + 10*d - 6. Let z(w) = -5*h(w) + 4*s(w). What is z(m)?
1
Let u(h) = -h - 1. Let g(k) = -16*k + 214. Let z be g(13). Give u(z).
-7
Let w(p) = -p**3 - 2 + 428*p**2 + 429*p**2 - 863*p**2. What is w(-6)?
-2
Suppose p = -0*p + 4. Suppose -p*d + t = -10, -3*d - 3*t = -t - 2. Let j(n) = n**3 + d + n + 0*n - 3 - n**2. Give j(0).
-1
Let c(j) = 7*j**3 + 9*j**2 - 6*j + 7. Let u(d) = -4*d**3 - 5*d**2 + 3*d - 4. Let l(k) = 10*k + 5. Let t be l(-1). Let a(b) = t*u(b) - 3*c(b). Give a(-3).
-1
Let p(h) be the second derivative of h**5/20 - h**4/3 - h**3/3 - 5*h**2/2 - 246*h. Determine p(5).
10
Let x(f) = -f**2 - f. Suppose 15 = 2*o - 3*r, 0*o - 5*r - 25 = -o. Calculate x(o).
0
Suppose -4*c = -16 - 48. Let p(v) = c*v - 1 - 8*v - 3*v - 3*v. Give p(4).
7
Let s be 9 + (-2)/(-8 + 10). Let g(h) = h**2 - 5*h - 1. Determine g(s).
23
Let h(i) = 10*i**3 + 8*i**2 - i + 1. Let p(b) be the first derivative of -b**4/4 - b**3/3 - 18. Let n(g) = 2*h(g) + 18*p(g). What is n(2)?
6
Let l be (-28)/(-42)*(-18)/4. Let w(i) = -i**3 - 4*i**2 + 4*i. Determine w(l).
-21
Suppose 0*y = 2*y - 8. Let b(g) = -32773*g**2 + 65540*g**2 + g + 3 + g**3 - 32772*g**2. Determine b(y).
-9
Let j(l) = -l**3 + l**2 + 3*l + 1. Let f(u) be the third derivative of u**6/120 - u**5/30 + u**4/8 - u**3/2 - 4*u**2. Let b be f(2). Give j(b).
-8
Let g be (-4)/(-12)*-3 + 2. Let t(v) = -4 - g - 6*v + 13*v + 4. Determine t(1).
6
Let d = 26 + -33. Let x(n) = n**3 + 6*n**2 - 11*n - 9. Determine x(d).
19
Let q be (6 - 1/1)*(-910)/(-350). Let o(p) = -q*p**3 + 9 + 15*p**3 - 3*p**3 + 6*p**2 - 2*p + 0*p. Calculate o(6).
-3
Let m(y) = y**2 - 2. Let q be (-3 - (-5 - -6)) + (-3 - 1). Let n be 2/(-8) + (90/q)/(-5). Calculate m(n).
2
Let c(t) = -19 + 8*t**2 + 10*t - 7*t**2 + 5*t - 9*t. Determine c(-9).
8
Let h(j) = -j - 2. Let q = -27 - -20. Let y be h(q). Let u(t) = -t**3 + 4*t**2 + 3*t + 7. Let z be u(y). Let m(d) = 2*d**3 + 4*d**2 - d - 1. Give m(z).
-16
Let s = 61 + -51. Let z(u) = 6*u + 6*u - 2 - s*u + u. Determine z(3).
7
Let x(k) be the second derivative of k**4/4 + k**3/3 - k**2 + 4*k. Let t(a) = 16*a**2 + 10*a - 11. Let m(p) = 2*t(p) - 11*x(p). Give m(-2).
0
Let t(b) = b + 3. Suppose -2*m + 10 = 0, 2*q + 4*m = 4*q + 14. Let p(j) = j**2 - 3*j - 4. Let c be p(q). What is t(c)?
-1
Suppose 5*x + 25 = b, -b - b + 2 = 2*x. Let p(s) be the second derivative of -s**5/20 + 5*s**4/12 - s**3/2 - 3*s**2 + 65*s - 2. What is p(b)?
-21
Let s(c) = c - 7. Let q be (-32)/(-20)*(-10)/(-4). What is s(q)?
-3
Let h(j) be the third derivative of j**5/60 - 13*j**4/24 + 10*j**3/3 - 2*j**2 - 59*j. Determine h(11).
-2
Let y be ((-1)/1 - 16) + 4. Let f(r) = -r**3 - 13*r**2 + r - 7. Determine f(y).
-20
Let b(d) = 3*d**2 - 6*d - 10. Let r = -16 + 18. Let q(s) = 4*s**2 - 6*s - 11. Let o(k) = r*q(k) - 3*b(k). What is o(7)?
1
Let n(h) = -8*h + 39. Let z(t) = -t - 2. Let g(j) = n(j) - 2*z(j). What is g(8)?
-5
Suppose 3*d - 7*d + 18 = 2*u, 0 = 2*u - 4*d - 26. Let n(t) = t**2 - 9*t - 1. What is n(u)?
21
Let g(d) = -d**3 - d**2 - 2*d - 3. Let s be g(-2). Let l(q) = 4*q**3 - 11 - 3*q**3 + 4*q**2 + 11213*q - 2*q**3 - 11211*q + 17. Calculate l(s).
-9
Suppose -2*u = 2*u. Let h(a) = a + 1. Let s(c) = -c**2 - 3*c - 6. Let j(f) = -2*h(f) - s(f). Give j(u).
4
Let y(j) be the second derivative of -13*j**5/10 - j**4/12 + j**3/3 - j**2 + 520*j. Calculate y(1).
-27
Suppose -6 = 10*z - 8*z. Let k(h) = h + 3. Let g(s) = -2*s - 6. Let a(v) = z*g(v) - 5*k(v). Calculate a(-3).
0
Let t(f) = f**3 - f**2 + f. Suppose 5*k - 11 = -2*y, -2*y = 2*y + 2*k + 2. Let l be -2*(1 + 2) + y. Let w = l + 10. Give t(w).
6
Let o(f) = 2*f - 5. Let c(y) = -y - 3. Let l(d) = 2*c(d) + 2*o(d). What is l(5)?
-6
Let n(k) = 63 - 2*k + 5*k - 69. Let p = -42 + 47. What is n(p)?
9
Let h(a) = -11*a**3 - 11*a - 34*a**3 + 2*a**2 - 1 - a**2 + 12*a. Calculate h(1).
-44
Let v(o) = -o**2 + 19*o + 16. Let s be (6 - (-512)/(-80))*50*-1. What is v(s)?
-4
Let h(t) = -t**3 - 11*t**2 - 9*t + 7. Let u be h(-10). Let i(p) be the first derivative of -p**4/4 - p**3 + 2*p**2 + 4*p - 31. What is i(u)?
-8
Let p(o) = -14 - 16 + 74 - 23 + o. Give p(0).
21
Let y(t) = t**2 - t - 30. Suppose -6*i - 6 = -2*p - 3*i, 3*p - 5*i = 10. What is y(p)?
-30
Let w(a) = 4*a + 2. Suppose 27*h = 57*h - 120. Calculate w(h).
18
Let l be -3 - 8/(2/(0 + -2)). Suppose -t - l*j - 8 = 2, -j + 19 = -4*t. Let v(q) = -4*q - 6. Calculate v(t).
14
Let y = -866 + 860. Let h(a) = a**2 + 8*a + 19. Determine h(y).
7
Let t(q) = 32 + 25 + 34 - 4*q - 145 + 35. Calculate t(-5).
1
Let k(l) = -4*l**3 + 2*l - 1. Let d(o) = -o**2 + 16*o - 54. Let p be d(11). Determine k(p).
-3
Let i(q) = -19*q + 1. Let f(t) = -82*t + 5. Let j(m) = -6*f(m) + 26*i(m). Determine j(10).
-24
Let p(j) = 4865 - 4865 - 4*j. Let b be 0/(3 + -5) - 2. Give p(b).
8
Let f(k) = -k**3 + 3*k**2 + 5*k. Let r(v) = v + 1. Let d(h) = -2*h - 5. Let j(l) = -d(l) + 2*r(l). Let i be j(-5). Let s = -9 - i. What is f(s)?
4
Let d be 2/(8/36*1). Let i(m) = m**2 - 15*m + 6 + d*m + 10*m + 3*m. Determine i(-4).
-6
Suppose -q - s = -22, -3*q + 55 + 31 = -2*s. Let h = 25 - q. Let b(i) be the second derivative of -i**4/6 - i**2/2 + 3*i. Give b(h).
-3
Let w(r) = -3*r + 6*r - r**2 + 1 - 4. Let o(n) = n**2 - 409*n + 1221. Let m be o(3). Give w(m).
-3
Suppose 0 = -3*k - u + 13, -8 = 7*k - 5*k + 4*u. Let m(d) = 2*d - 7. What is m(k)?
5
Suppose -4*b + 9 = -15. Let v(q) = b*q + 5 + 22*q**2 + 23*q**2 - 46*q**2. What is v(6)?
5
Let h = -222 - -224. Let j(o) = o**h - 58*o + 2 + 3*o**2 + 55*o. Suppose 0*v + 2*r = 2*v - 8, -4*v = 2*r - 4. What is j(v)?
12
Let t(n) = 3*n**2 + 3*n + 1. Suppose 2*x - 4*x = -12. Let o be (-5)/((-15)/x) + 1. Suppose -o*y + 4 = -l + 14, 5*y = l - 18. What is t(l)?
7
Let r(g) = 4*g. Let n be r(1). Suppose -u + n*y - 10 = 0, 5*u + 2*y + 33 = 5*y. Let j(f) be the first derivative of -f**3/3 - 7*f**2/2 - 6*f - 7. Give j(u).
0
Suppose 24*z - 61 = 59. Let y(g) = g**3 - 4*g**2 - 13. Calculate y(z).
12
Let a(f) = 7*f + 2. Let w(t) = 4*t - 4. Let x(r) = 1. Let h(b) = -w(b) - 5*x(b). Let l(k) = 3*a(k) + 5*h(k). Give l(-1).
0
Suppose -5*n - h = -6, -n = 3*n + h - 4. Let b(j) = 2*j**2 - 3*j**n - 6*j + 12 - 14. Give b(-5).
3
Let l be ((-142 + -1)*1)/(0 + -1). Let x = 147 - l. Let z(y) = y - 4. Give z(x).
0
Let w(y) = 6*y**2 - 2*y. Suppose -11*q = 2*g - 13*q - 6, 5*g = -q + 9. Calculate w(g).
20
Let c(i) = -2*i**3 - 2*i**2 + i + 1. Let b(z) = -15*z - 58. Let d be b(-4). Calculate c(d).
-21
Let n be -5*1*(1 - 0). Let h(i) be the third derivative of -i**7/5040 - i**6/180 - i**5/60 + 11*i**2. Let c(o) be the third derivative of h(o). Calculate c(n).
1
Let b(d) = d**2 - 25*d - 33. Let z(r) = -r**3 + 8*r**2 - 8*r - 6. Let i be z(4). Determine b(i).
-7
Let g be (0 + -1)*1 + 1. Let s(f) = -5*f - 19. Let d(r) = -2*r - 10. Let q be ((-14)/(-8))/((-1)/8*2). Let c(b) = q*d(b) + 3*s(b). What is c(g)?
13
Suppose 0 = -0*n + 2*n. Let w = 5 - n. Let a(x) = 4*x + 12. Let f(k) = k. Let i(t) = -a(t) + 5*f(t). What is i(w)?
-7
Let d(v) = 625*v + v**2 + 635*v - 2 - 1260*v - 3. Suppose 2*c - 7*c = 0. Suppose c = -y - 3*y. What is d(y)?
-5
Let r be ((-42)/49)/((-24)/7 + 3). Let d(h) be the third derivative of 1/120*h**6 - 1/3*h**3 + 1/15*h**5 + 1/24*h**4 + 0 + 0*h + r*h**2. Determine d(-2).
4
Let p(q) be the third derivative of q**5/60 + q**4/4 - q**3/6 - 947*q**2. Let b be ((-21)/(-12))/(1/(-4)). Calculate p(b).
6
Let p(v) = v**2 - 2*v - 152 + 311 - 156. Give p(5).
18
Let h(g) = -58*g**2 + 7 - 3*g + g**3 + 54*g**2 - g. What is h(5)?
12
Let m(i) be the first derivative of i**4/12 + 7*i**3/6 + 9*i**2/2 + 3*i - 36. Let o(u) be the first derivative of m(u). Determine o(-6).
3
Let z(t) = -13*t + 1. Let s(v) = -2*v**2 + 20*v + 21. Let j be s(11). What is z(j)?
14
Let f(g) = -g + 6. Let h(u) = -12*u + 99. Let p(w) = 4*w - 33. Let x(n) = 3*h(n) + 8*p(n). Let l be x(7). Determine f(l).
1
Let a(q) = 7*q + 5 - 2 - 4*q**2 - 6*q**2 + 11*q**2. Let z(h) = -h**3 - 6*h**2 + h - 6. Let d be z(-6). Let w = 6 + d. Give a(w).
-3
Let u(d) be the third derivative of -d**4/12 - 7*d**3/6 - 3*d**2. Let q be u(-3). Let n be (2 + q)/(3 + -4). Let a(x) = -x. Give a(n).
1
Let x(f) = f. Let w(c) = c**2 + 5*c - 1. Let u(m) = -w(m) + x(m). Suppose 2*s - 6*s + r + 21 = 0, -3*r - 27 = -3*s. Let j be (s/(-3) + 2)*-6. Determine u(j).
1
Let c(k) = 